 1)?
-5
Evaluate 2 + (-4 - -4) + -5.
-3
What is the value of -1 + -1 + (-16 - -12)?
-6
What is 3 - ((5 - -2) + -1 + -2)?
-1
Evaluate 2 + 1 + 18 + -24.
-3
What is -1 - (-5 + 1 + 2 - -4)?
-3
What is 2 + (3 - 9 - 2)?
-6
What is 5 - (6 - (-6 - -5))?
-2
What is the value of -2 + (-3 - 1) + 9 + -4?
-1
What is the value of (1 - 5 - 0) + (11 - 10)?
-3
Evaluate -3 + -2 + -4 - -12.
3
(-17 - -9) + 0 + 0 + 2
-6
What is the value of 6 + -3 + (-4 - -4 - -2)?
5
Evaluate -2 + (1 + (-1 - -3) - 3).
-2
-1 + 1 - (-12 + 15)
-3
1 + 2 - (-10 - -7)
6
Evaluate 4 - ((-2 - -3 - -14) + -6).
-5
Calculate (1 - (1 - 2)) + -2.
0
What is the value of 0 + -2 + -9 + 7?
-4
Calculate 6 + (-3 - -3) + -3.
3
What is (1 - -3) + 2 + -7 + 6?
5
What is 2 + -4 + (-9 - (-28 + 13))?
4
Calculate (13 - 11) + 1 + 1.
4
What is the value of -2 + 2 - (12 + -7)?
-5
Calculate 2 + (2 - 4 - (0 + -1)).
1
2 + -6 + 12 - (0 - -8)
0
What is -5 - (-5 - (0 + -3))?
-3
Calculate (4 - 12) + (4 + 2 - 7).
-9
What is (1 - (-3 - -6)) + 2 + -2?
-2
What is the value of (-4 - (-1 - 1) - -3) + 4?
5
0 - (-4 - (-1 - 0)) - 2
1
What is the value of 0 + (1 - -1) + 2?
4
What is the value of 0 - 4 - (-8 - (-2 + 1))?
3
-6 - (15 + -29 - (-1 + -6))
1
What is (0 - 1) + 6 - 10?
-5
What is the value of 0 + 2 + 2 + -59 + 53?
-2
-4 + (-7 - -7) - (-2 - 7)
5
(1 - 2) + 0 + (-3 - 0)
-4
What is 3 + 1 + -35 + 28?
-3
-2 - -2 - (8 + -4)
-4
1 - (-5 + -1 + 5)
2
Calculate 5 - (6 - (2 + 1) - -4).
-2
What is 0 + 1 + -2 + 6?
5
What is the value of 6 + (-5 - (-6 + 2))?
5
-12 + (11 + -7 - (-1 - 2))
-5
What is the value of 55 + -52 + (1 + -1 - -1)?
4
What is the value of 0 - (5 + -4 + -4 + 1)?
2
0 + (-3 - -2 - 2) + 1
-2
Calculate 0 + (0 - -1) - 3.
-2
What is -4 + -1 + (-18 - -22)?
-1
What is -5 - (7 + -14 + (4 - 3))?
1
Calculate 2 + -2 + (-1 - (-1 - -2)).
-2
-3 + (-5 + 7 - -4) - -2
5
Calculate -5 - (-8 - (-10 + 6)) - -3.
2
What is the value of -4 + 10 + (-10 - 0)?
-4
What is -4 + 4 + -5 - -5?
0
Evaluate 2 + -4 + -1 + 1 + -3.
-5
What is the value of 2 - -2 - 4 - -6?
6
What is the value of (-1 - -3) + 0 + -5?
-3
What is 8 - 6 - (0 - (0 - 4))?
-2
1 - 2 - 2 - (30 + -29)
-4
What is the value of (-4 - -1) + 11 + -4?
4
Evaluate (-5 - -4) + (2 + -5 - -1).
-3
(0 - 1) + -5 + (-127 - -130)
-3
What is the value of (2 - (2 + -3)) + 1 - 2?
2
What is the value of (-10 - -8) + 0 + 8?
6
What is the value of (9 - 2) + (4 - 2) + -1?
8
What is the value of (5 - 7 - -3) + -4?
-3
(-9 - -9) + (-4 - 0)
-4
-1 + 3 + -3 - -3
2
What is -12 - (-3 + (2 - -7) - 11)?
-7
Evaluate 12 - (-2 + 3) - 11.
0
(-7 + 5 - -1) + 1
0
Calculate -1 + 3 + -1 + 0.
1
-4 - -1 - (-6 + (3 - -4))
-4
Calculate (3 - (-2 + 5)) + -4.
-4
Evaluate -1 - (-2 - (-1 - (6 - 8))).
2
Calculate 3 + 0 + (1 - 3).
1
What is the value of 1 - (1 + 1) - 0?
-1
1 + -1 + (17 - 12)
5
What is -11 + (1 - ((5 - -2) + -7))?
-10
What is the value of 4 - 13 - (-3 - 3)?
-3
What is -30 + 41 + (-7 - 3)?
1
(4 - (-3 + 15)) + 3 - 3
-8
What is the value of -2 + 4 + 3 + (-2 - -2)?
5
Calculate 1 - -4 - 2 - 3.
0
Calculate 9 + -2 - (5 - -2).
0
What is the value of 0 - (0 - 0) - (9 - 9)?
0
Evaluate 24 + (-2 - 8) + -18.
-4
What is the value of 3 + 0 + 0 + -1 - 1?
1
(-2 - 4) + (16 - 4)
6
8 + (-9 + 2 - 15) + 6
-8
(12 - -2) + (-3 - 7)
4
-2 + 7 + -11 + 17
11
Calculate (9 - 5) + 1 + -5.
0
Evaluate 9 - (0 - -12 - 0).
-3
What is 47 + -44 - (2 - 1)?
2
(8 - 11) + 4 + 2 + -2
1
What is -5 - -9 - (-3 - -12)?
-5
What is (2 - -1) + -7 - (-16 - -13)?
-1
What is the value of 1 + -1 - (17 + -13)?
-4
What is (-12 - -14 - (5 - 1)) + 1?
-1
What is the value of 7 - (20 - (14 + -4))?
-3
What is the value of (-92 - -84) + (1 - -7) + 1?
1
5 + (-8 - -1) + 4
2
What is the value of 3 - (10 + (3 - 5))?
-5
What is 1 + 7 + -3 + -1?
4
What is (6 - (1 + 3)) + -3?
-1
-10 + 9 + 9 + 0 + -4
4
What is (3 - 3) + -1 + -4 + 1?
-4
What is the value of -3 + (-2 - -5 - -2)?
2
Calculate 21 - 26 - (-2 + 0).
-3
What is 1 - (-1 + 4 + -5)?
3
Evaluate (0 + (5 - 2) - 8) + 4.
-1
What is 8 - (8 + 0 + -6 + 4)?
2
What is the value of 1 + (0 - 11) - (282 + -287)?
-5
What is the value of (1 - 2) + 4 + (7 - 9)?
1
Calculate 9 - (0 - -18) - -4.
-5
Evaluate -5 + 4 + (1 - -3).
3
Calculate (0 - 6) + 6 + 3.
3
Calculate (-2 - -2) + (24 - 20).
4
What is the value of 0 + 1 + -7 + 3 - 0?
-3
Evaluate 6 - (24 + 4 + -4 + -8).
-10
What is the value of -26 - -17 - (-9 - 2)?
2
What is the value of -1 + -2 + (-11 - -14) + 3?
3
Evaluate (1 - (-4 - -2)) + 1 - 3.
1
What is -1 - (-4 - -3 - 0)?
0
Evaluate 7 + (-1 - 7 - -5) + 1.
5
What is the value of -3 + 0 + (3 - 0)?
0
-5 + 2 + 2 - (3 + -10)
6
Evaluate -1 + -2 + 0 + 6.
3
(6 - ((-5 - -9) + 4)) + -1
-3
What is the value of 0 + 3 - (-15 - -19)?
-1
Calculate 62 - 58 - (10 - 1).
-5
What is the value of 134 + -141 - (-2 + 2 + -3)?
-4
What is the value of -2 + 0 + 0 + 1?
-1
Calculate 0 + 6 + -15 - (-5 - -1).
-5
What is the value of 23 + -24 - (-10 + 1)?
8
Calculate -3 - (24 + -23 + 0 + -2).
-2
What is 2 + (-1 - (1 - 2))?
2
What is -5 - (12 + -9) - -13?
5
Calculate -1 + 14 + -38 + 21.
-4
(3 + -7 - -4) + -2
-2
3 - 3 - (-5 + 1 - -8)
-4
What is (3 - -3 - 8 - -12) + -3?
7
What is the value of -3 + -5 - (12 + -19)?
-1
Calculate 2 + (0 + 5 - (12 + 0)).
-5
(-1 + -1 - -7) + 16 + -21
0
Evaluate 5 - (-8 + 1 + 26 + -21).
7
What is the value of -5 + -7 + 6 + 2?
-4
Calculate -7 + (-1 - -2) + 10.
4
Evaluate -16 + 10 + -1 + 4.
-3
What is 15 - (14 + -6) - 17?
-10
Evaluate (-9 - (-1 + 1) - -2) + 5.
-2
-5 + (0 - 1 - (-4 + 3))
-5
Calculate -22 + 9 - (-6 + -2).
-5
Evaluate 1 + 2 + (3 + -5 - -4).
5
What is the value of -4 + 6 + -4 - (-4 - -1)?
1
What is the value of -5 - (3 + 1 + -8 - 5)?
4
(0 - 0) + (-4 - -4 - 8)
-8
What is -2 + (5 - 1) - 8?
-6
Evaluate 4 + -2 + -6 + -12 + 17.
1
Evaluate 1 - 1 - ((1 - -1) + -1).
-1
What is the value of -1 + 2 - (16 - 8)?
-7
What is -5 + (1 - (3 + -5))?
-2
What is the value of 0 + -1 + -7 + 8?
0
9 + -1 + 18 + -11 + -10
5
-25 + 19 - (2 - 4)
-4
What is -1 - (-3 - 0 - (-1 + 2))?
3
What is the value of (2 - (-4 - 5)) + -7 - -6?
10
-2 - (3 - 4 - 3)
2
Evaluate 16 - ((21 - 14) + (2 - 2)).
9
8 + -2 + -4 - (2 - -5)
-5
-3 + (-1 - 1) + 7 + -4
-2
-1 + 1 + (0 - (-2 - -3))
-1
-14 + 14 + -1 + 2
1
-1 + 2 - (0 + 6)
-5
5 + (-6 - (-3 + 2))
0
Evaluate 1 + 3 - -1 - 3.
2
-3 + 4 + 2 - (1 - -2)
0
Evaluate 5 + -2 - -3 - (17 - 14).
3
What is -9 + 9 - (3 - 0)?
-3
What is 2 + -11 + (11 - 6)?
-4
What is -6 + 0 + (8 - 3)?
-1
Evaluate (5 - 1) + (-21 - (-7 - 10)).
0
Evaluate -2 - (6 + (3 + -21 - -6)).
4
Calculate -10 - (2 + -5 + -2).
-5
-6 - ((-3 + 3 - -1) + -3)
-4
11 + 0 + 6 + -11 + 0
6
Evaluate -1 + (2 - 4) - (-8 - -8).
-3
5 + 0 - (2 - (1 + -2))
2
What is the value of 0 + (0 - ((0 - 0) + -2))?
2
Calculate (1 - 0 - -4) + 1 - 5.
1
Calculate (-5 + 4 - 5) + 1 + 13.
8
(0 - 5 - -3) + -1 + -1
-4
Evaluate (11 - -2) + -10 - 6.
-3
What is (1 + 0 - 1) + (-35 - -38)?
3
Calculate -5 - (-2 + -1 - -2).
-4
Calculate -2 + (-1 - (7 - 6)).
-4
Evaluate (-3 - -1) + 4 - (3 + -2).
1
Evaluate -3 + (3 - (5 - -5)).
-10
-1 - (5 + -20) - 5
9
What is the value of -19 - -23 - (0 + 0)?
4
Calculate -9 + -5 + 5 + 6.
-3
What is -2 + -3 + (-32 - -31)?
-6
Calculate 6 + -6 + 2 + -1 - -2.
3
What is 4 + 0 - (9 + (-18 - -10))?
3
Evaluate (-1 + (-4 - -1) - -3) + -3.
-4
-8 + -3 + 8 + (0 - -7)
4
Calculate 6 - (7 - 4) - (8 + 0).
-5
Calculate 6 + -1 + (-4 - 6).
-5
Evaluate 3 - (6 + (-7 - -4)).
0
Calculate -31 + 42 - (-1 - -11).
1
What is -4 + 1 + 12 - 4 - 9?
-4
Evaluate (7 - (-5 - -8)) + -8.
-4
Calculate -5 + (16 - 4 - 4).
3
Calculate 3 - (0 - (-4 - 2)).
-3
What is the value of 1 + -2 + 2 + 0?
1
Calculate 3 - (-1 - (-3 - (-1 - -2))).
0
Evaluate (4 - 11) + 3 + 0.
-4
Calculate 123 + -115 + (-8 - 0).
0
What is 1 + -2 + 12 + -16?
-5
What is the value of 1 + (1 - -1 - 3) + 0?
0
8 - (-8 - (-7 - 9))
0
Evaluate (31 - 26) + (1 - -1) + -2.
5
-1 - (8 - (0 - -4))
-5
6 - (-3 + 0 + 2 + 2)
5
Calculate 5 + (6 - (7 - 0)).
4
What is the value of -3 - ((-3 - -4) + -9)?
5
Evaluate -1 - (-3 + (11 - 6)).
-3
What is 3 + (-1 - 0 - (-3 - 0))?
5
What is the value of 1 + -11 + -30 + 39?
-1
What is -5 + -2 + 4 + -2?
-5
What is 8 + (2 - (4 - -13))?
-7
What is the value of -8 + 7 - (-2 + 1)?
0
What is (-4 - -4) + 1 - (1 - 4)?
4
Evaluate 4 + -1 + -5 - 3.
-5
Calculate 2 + 0 - (-20 - -26).
-4
What is the value of -8 + 15 + 3 + -5?
5
What is 67 + -61 - (3 - 1)?
4
Calc